{"id":2859,"date":"2020-02-25T08:58:24","date_gmt":"2020-02-25T06:58:24","guid":{"rendered":"https:\/\/pescaderia.ro\/gemeni\/?post_type=product&#038;p=2859"},"modified":"2026-04-17T14:15:52","modified_gmt":"2026-04-17T11:15:52","slug":"dentex","status":"publish","type":"product","link":"https:\/\/pescaderia.ro\/gemeni\/produs\/dentex\/","title":{"rendered":"Dentex Croa\u021bia"},"content":{"rendered":"<p>Din\u021batul (Dentex dentex) este un pe\u0219te marin carnivor bentopelagic din ordinul Perciforme, din partea de est a Oceanului Atlantic, Marea Mediteran\u0103, Marea Neagr\u0103, unde este foarte rar (coastele Anatoliei, litoralul rom\u00e2nesc).<br \/>\nPe litoralul rom\u00e2nesc a fost \u00eent\u00e2lnit la Agigea.<\/p>\n","protected":false},"excerpt":{"rendered":"<p>Din\u021batul (Dentex dentex) este un pe\u0219te marin carnivor bentopelagic din ordinul Perciforme, din partea de est a Oceanului Atlantic, Marea Mediteran\u0103, Marea Neagr\u0103, unde este foarte rar (coastele Anatoliei, litoralul rom\u00e2nesc). Pe litoralul rom\u00e2nesc a fost \u00eent\u00e2lnit la Agigea.<\/p>\n","protected":false},"featured_media":30061,"comment_status":"open","ping_status":"closed","template":"","meta":[],"product_cat":[59,65],"product_tag":[63],"class_list":["post-2859","product","type-product","status-publish","has-post-thumbnail","hentry","product_cat-produse-proaspete","product_cat-peste-proaspat","product_tag-peste-salbatic","has-post-title","has-post-date","has-post-category","has-post-tag","has-post-comment","has-post-author",""],"_links":{"self":[{"href":"https:\/\/pescaderia.ro\/gemeni\/wp-json\/wp\/v2\/product\/2859","targetHints":{"allow":["GET"]}}],"collection":[{"href":"https:\/\/pescaderia.ro\/gemeni\/wp-json\/wp\/v2\/product"}],"about":[{"href":"https:\/\/pescaderia.ro\/gemeni\/wp-json\/wp\/v2\/types\/product"}],"replies":[{"embeddable":true,"href":"https:\/\/pescaderia.ro\/gemeni\/wp-json\/wp\/v2\/comments?post=2859"}],"wp:featuredmedia":[{"embeddable":true,"href":"https:\/\/pescaderia.ro\/gemeni\/wp-json\/wp\/v2\/media\/30061"}],"wp:attachment":[{"href":"https:\/\/pescaderia.ro\/gemeni\/wp-json\/wp\/v2\/media?parent=2859"}],"wp:term":[{"taxonomy":"product_cat","embeddable":true,"href":"https:\/\/pescaderia.ro\/gemeni\/wp-json\/wp\/v2\/product_cat?post=2859"},{"taxonomy":"product_tag","embeddable":true,"href":"https:\/\/pescaderia.ro\/gemeni\/wp-json\/wp\/v2\/product_tag?post=2859"}],"curies":[{"name":"wp","href":"https:\/\/api.w.org\/{rel}","templated":true}]}}